{"id":11603,"date":"2022-12-12T11:23:03","date_gmt":"2022-12-12T11:23:03","guid":{"rendered":"https:\/\/ikonisch.pt\/produtos\/silla-standard-sp-vitra\/"},"modified":"2023-07-19T14:55:29","modified_gmt":"2023-07-19T14:55:29","slug":"silla-standard-sp-vitra","status":"publish","type":"product","link":"https:\/\/ikonisch.pt\/es\/produtos\/silla-standard-sp-vitra\/","title":{"rendered":"Silla Standard SP &#8211; Vitra"},"content":{"rendered":"","protected":false},"excerpt":{"rendered":"<p><span data-sheets-value=\"{&quot;1&quot;:2,&quot;2&quot;:&quot;Dise\u00f1ada por Jean Prouv\u00e9 para Vitra, la silla Standard SP se ha mantenido como un icono del dise\u00f1o desde su lanzamiento en 1934 hasta nuestros d\u00edas. Las siglas SP (Si\u00e8ge en Plastique) hacen referencia a las versiones con el asiento y el respaldo de pl\u00e1stico ligeramente texturizado. Estructura de acero con pintura electrost\u00e1tica en color &quot;mint&quot;, asiento y respaldo en color &quot;deep black&quot; ref. 12.&quot;}\" data-sheets-userformat=\"{&quot;2&quot;:4993,&quot;3&quot;:{&quot;1&quot;:0},&quot;10&quot;:0,&quot;11&quot;:4,&quot;12&quot;:0,&quot;15&quot;:&quot;Arial&quot;}\">Dise\u00f1ada por Jean Prouv\u00e9 para Vitra, la silla Standard SP se ha mantenido como un icono del dise\u00f1o desde su lanzamiento en 1934 hasta nuestros d\u00edas. Las siglas SP (Si\u00e8ge en Plastique) hacen referencia a las versiones con el asiento y el respaldo de pl\u00e1stico ligeramente texturizado. Estructura de acero con pintura electrost\u00e1tica en color \u00abmint\u00bb, asiento y respaldo en color \u00abdeep black\u00bb ref. 12.<\/span><\/p>\n","protected":false},"featured_media":11285,"template":"","meta":{"_acf_changed":false,"inline_featured_image":false},"product_brand":[],"product_cat":[690,689],"product_tag":[848],"class_list":{"0":"post-11603","1":"product","2":"type-product","3":"status-publish","4":"has-post-thumbnail","6":"product_cat-hogar","7":"product_cat-sillas","8":"product_tag-vitra-es","10":"first","11":"outofstock","12":"shipping-taxable","13":"purchasable","14":"product-type-simple"},"acf":[],"aioseo_notices":[],"_links":{"self":[{"href":"https:\/\/ikonisch.pt\/es\/wp-json\/wp\/v2\/product\/11603","targetHints":{"allow":["GET"]}}],"collection":[{"href":"https:\/\/ikonisch.pt\/es\/wp-json\/wp\/v2\/product"}],"about":[{"href":"https:\/\/ikonisch.pt\/es\/wp-json\/wp\/v2\/types\/product"}],"wp:featuredmedia":[{"embeddable":true,"href":"https:\/\/ikonisch.pt\/es\/wp-json\/wp\/v2\/media\/11285"}],"wp:attachment":[{"href":"https:\/\/ikonisch.pt\/es\/wp-json\/wp\/v2\/media?parent=11603"}],"wp:term":[{"taxonomy":"product_brand","embeddable":true,"href":"https:\/\/ikonisch.pt\/es\/wp-json\/wp\/v2\/product_brand?post=11603"},{"taxonomy":"product_cat","embeddable":true,"href":"https:\/\/ikonisch.pt\/es\/wp-json\/wp\/v2\/product_cat?post=11603"},{"taxonomy":"product_tag","embeddable":true,"href":"https:\/\/ikonisch.pt\/es\/wp-json\/wp\/v2\/product_tag?post=11603"}],"curies":[{"name":"wp","href":"https:\/\/api.w.org\/{rel}","templated":true}]}}

<p><span data-sheets-value="{&quot;1&quot;:2,&quot;2&quot;:&quot;Diseñada por Jean Prouvé para Vitra, la silla Standard SP se ha mantenido como un icono del diseño desde su lanzamiento en 1934 hasta nuestros días. Las siglas SP (Siège en Plastique) hacen referencia a las versiones con el asiento y el respaldo de plástico ligeramente texturizado. Estructura de acero con pintura electrostática en color &quot;mint&quot;, asiento y respaldo en color &quot;deep black&quot; ref. 12.&quot;}" data-sheets-userformat="{&quot;2&quot;:4993,&quot;3&quot;:{&quot;1&quot;:0},&quot;10&quot;:0,&quot;11&quot;:4,&quot;12&quot;:0,&quot;15&quot;:&quot;Arial&quot;}">Diseñada por Jean Prouvé para Vitra, la silla Standard SP se ha mantenido como un icono del diseño desde su lanzamiento en 1934 hasta nuestros días. Las siglas SP (Siège en Plastique) hacen referencia a las versiones con el asiento y el respaldo de plástico ligeramente texturizado. Estructura de acero con pintura electrostática en color «mint», asiento y respaldo en color «deep black» ref. 12.</span></p>
