{"id":13218,"date":"2022-01-21T11:33:12","date_gmt":"2022-01-21T11:33:12","guid":{"rendered":"https:\/\/ikonisch.pt\/produtos\/aluminium-chair-ea119-pele-vitra\/"},"modified":"2023-06-02T13:52:12","modified_gmt":"2023-06-02T13:52:12","slug":"aluminium-chair-ea119-pele-vitra","status":"publish","type":"product","link":"https:\/\/ikonisch.pt\/es\/produtos\/aluminium-chair-ea119-pele-vitra\/","title":{"rendered":"Aluminium Chair EA119 Pele &#8211; Vitra"},"content":{"rendered":"","protected":false},"excerpt":{"rendered":"<p>Dise\u00f1ado por Charles y Ray Eames y fabricado por Vitra este modelo EA119 es una silla giratoria y redonda de respaldo alto con base de cinco radios y brazos fijos. Asiento y espalda recubiertos en cuero natural original Nero Nero ref.\u00aa66\/66. Estructura, base y brazos de aluminio cromado. Sistemas de reclinaci\u00f3n y elevaci\u00f3n neum\u00e1tica.<\/p>\n","protected":false},"featured_media":32387,"template":"","meta":{"_acf_changed":false,"inline_featured_image":false},"product_brand":[],"product_cat":[691],"product_tag":[735,848],"class_list":{"0":"post-13218","1":"product","2":"type-product","3":"status-publish","4":"has-post-thumbnail","6":"product_cat-oficina","7":"product_tag-charles-ray-eames-es","8":"product_tag-vitra-es","10":"first","11":"outofstock","12":"purchasable","13":"product-type-simple"},"acf":[],"aioseo_notices":[],"_links":{"self":[{"href":"https:\/\/ikonisch.pt\/es\/wp-json\/wp\/v2\/product\/13218","targetHints":{"allow":["GET"]}}],"collection":[{"href":"https:\/\/ikonisch.pt\/es\/wp-json\/wp\/v2\/product"}],"about":[{"href":"https:\/\/ikonisch.pt\/es\/wp-json\/wp\/v2\/types\/product"}],"wp:featuredmedia":[{"embeddable":true,"href":"https:\/\/ikonisch.pt\/es\/wp-json\/wp\/v2\/media\/32387"}],"wp:attachment":[{"href":"https:\/\/ikonisch.pt\/es\/wp-json\/wp\/v2\/media?parent=13218"}],"wp:term":[{"taxonomy":"product_brand","embeddable":true,"href":"https:\/\/ikonisch.pt\/es\/wp-json\/wp\/v2\/product_brand?post=13218"},{"taxonomy":"product_cat","embeddable":true,"href":"https:\/\/ikonisch.pt\/es\/wp-json\/wp\/v2\/product_cat?post=13218"},{"taxonomy":"product_tag","embeddable":true,"href":"https:\/\/ikonisch.pt\/es\/wp-json\/wp\/v2\/product_tag?post=13218"}],"curies":[{"name":"wp","href":"https:\/\/api.w.org\/{rel}","templated":true}]}}

<p>Diseñado por Charles y Ray Eames y fabricado por Vitra este modelo EA119 es una silla giratoria y redonda de respaldo alto con base de cinco radios y brazos fijos. Asiento y espalda recubiertos en cuero natural original Nero Nero ref.ª66/66. Estructura, base y brazos de aluminio cromado. Sistemas de reclinación y elevación neumática.</p>
