{"id":13237,"date":"2022-01-28T10:40:58","date_gmt":"2022-01-28T10:40:58","guid":{"rendered":"https:\/\/ikonisch.pt\/produtos\/sillon-federico-giner\/"},"modified":"2023-06-02T17:09:36","modified_gmt":"2023-06-02T17:09:36","slug":"sillon-federico-giner","status":"publish","type":"product","link":"https:\/\/ikonisch.pt\/es\/produtos\/sillon-federico-giner\/","title":{"rendered":"Sill\u00f3n &#8211; Federico Giner"},"content":{"rendered":"","protected":false},"excerpt":{"rendered":"<p>Sill\u00f3n con estructura en laminado de madera moldeada. Acabado en madera de cedro oscurecido. Tapicer\u00eda en tela de micro fibra Camel.<\/p>\n","protected":false},"featured_media":10384,"template":"","meta":{"_acf_changed":false,"inline_featured_image":false},"product_brand":[],"product_cat":[697],"product_tag":[],"class_list":{"0":"post-13237","1":"product","2":"type-product","3":"status-publish","4":"has-post-thumbnail","6":"product_cat-sofas-y-sillones","8":"first","9":"outofstock","10":"shipping-taxable","11":"purchasable","12":"product-type-simple"},"acf":[],"aioseo_notices":[],"_links":{"self":[{"href":"https:\/\/ikonisch.pt\/es\/wp-json\/wp\/v2\/product\/13237","targetHints":{"allow":["GET"]}}],"collection":[{"href":"https:\/\/ikonisch.pt\/es\/wp-json\/wp\/v2\/product"}],"about":[{"href":"https:\/\/ikonisch.pt\/es\/wp-json\/wp\/v2\/types\/product"}],"wp:featuredmedia":[{"embeddable":true,"href":"https:\/\/ikonisch.pt\/es\/wp-json\/wp\/v2\/media\/10384"}],"wp:attachment":[{"href":"https:\/\/ikonisch.pt\/es\/wp-json\/wp\/v2\/media?parent=13237"}],"wp:term":[{"taxonomy":"product_brand","embeddable":true,"href":"https:\/\/ikonisch.pt\/es\/wp-json\/wp\/v2\/product_brand?post=13237"},{"taxonomy":"product_cat","embeddable":true,"href":"https:\/\/ikonisch.pt\/es\/wp-json\/wp\/v2\/product_cat?post=13237"},{"taxonomy":"product_tag","embeddable":true,"href":"https:\/\/ikonisch.pt\/es\/wp-json\/wp\/v2\/product_tag?post=13237"}],"curies":[{"name":"wp","href":"https:\/\/api.w.org\/{rel}","templated":true}]}}

Sillón &#8211; Federico Giner

<p>Sillón con estructura en laminado de madera moldeada. Acabado en madera de cedro oscurecido. Tapicería en tela de micro fibra Camel.</p>
