{"id":14389,"date":"2023-07-06T16:30:04","date_gmt":"2023-07-06T16:30:04","guid":{"rendered":"https:\/\/ikonisch.pt\/?post_type=product&#038;p=14389"},"modified":"2024-02-12T13:15:44","modified_gmt":"2024-02-12T13:15:44","slug":"mesa-de-centro-modelo-shell-fiam","status":"publish","type":"product","link":"https:\/\/ikonisch.pt\/es\/produtos\/mesa-de-centro-modelo-shell-fiam\/","title":{"rendered":"Mesa de Centro Modelo Shell &#8211; Fiam"},"content":{"rendered":"","protected":false},"excerpt":{"rendered":"<p>Dise\u00f1ada por Danny Lane para Fiam, la mesa de centro Shell tiene un dise\u00f1o \u00fanico e innovador que la convierte no solo en un mueble funcional, sino tambi\u00e9n en una obra maestra para un hogar con un \u00ablifestyle\u00bb contempor\u00e1neo y singular.<\/p>\n<p>Mesa de centro con base (12 mm) y tapa (15 mm) tallados en vidrio curvado trabajados a mano y herrajes de acero inoxidable.<\/p>\n","protected":false},"featured_media":14410,"template":"","meta":{"_acf_changed":false,"inline_featured_image":false},"product_brand":[],"product_cat":[694],"product_tag":[1189,1188],"class_list":{"0":"post-14389","1":"product","2":"type-product","3":"status-publish","4":"has-post-thumbnail","6":"product_cat-mesas-es","7":"product_tag-danny-lane-es","8":"product_tag-fiam-es","10":"first","11":"outofstock","12":"shipping-taxable","13":"purchasable","14":"product-type-simple"},"acf":[],"aioseo_notices":[],"_links":{"self":[{"href":"https:\/\/ikonisch.pt\/es\/wp-json\/wp\/v2\/product\/14389","targetHints":{"allow":["GET"]}}],"collection":[{"href":"https:\/\/ikonisch.pt\/es\/wp-json\/wp\/v2\/product"}],"about":[{"href":"https:\/\/ikonisch.pt\/es\/wp-json\/wp\/v2\/types\/product"}],"wp:featuredmedia":[{"embeddable":true,"href":"https:\/\/ikonisch.pt\/es\/wp-json\/wp\/v2\/media\/14410"}],"wp:attachment":[{"href":"https:\/\/ikonisch.pt\/es\/wp-json\/wp\/v2\/media?parent=14389"}],"wp:term":[{"taxonomy":"product_brand","embeddable":true,"href":"https:\/\/ikonisch.pt\/es\/wp-json\/wp\/v2\/product_brand?post=14389"},{"taxonomy":"product_cat","embeddable":true,"href":"https:\/\/ikonisch.pt\/es\/wp-json\/wp\/v2\/product_cat?post=14389"},{"taxonomy":"product_tag","embeddable":true,"href":"https:\/\/ikonisch.pt\/es\/wp-json\/wp\/v2\/product_tag?post=14389"}],"curies":[{"name":"wp","href":"https:\/\/api.w.org\/{rel}","templated":true}]}}

<p>Diseñada por Danny Lane para Fiam, la mesa de centro Shell tiene un diseño único e innovador que la convierte no solo en un mueble funcional, sino también en una obra maestra para un hogar con un «lifestyle» contemporáneo y singular.</p>
<p>Mesa de centro con base (12 mm) y tapa (15 mm) tallados en vidrio curvado trabajados a mano y herrajes de acero inoxidable.</p>
