{"id":17825,"date":"2023-12-12T11:26:01","date_gmt":"2023-12-12T11:26:01","guid":{"rendered":"https:\/\/ikonisch.pt\/?post_type=product&#038;p=17825"},"modified":"2023-12-12T16:44:19","modified_gmt":"2023-12-12T16:44:19","slug":"silla-de-reuniones-meda-vitra","status":"publish","type":"product","link":"https:\/\/ikonisch.pt\/es\/produtos\/silla-de-reuniones-meda-vitra\/","title":{"rendered":"Silla de reuniones Meda &#8211; Vitra"},"content":{"rendered":"<p>Vitra es una empresa suiza dedicada a mejorar la calidad de hogares, oficinas y espacios p\u00fablicos a trav\u00e9s del poder del dise\u00f1o. Una colecci\u00f3n de Vitra incluye muchos productos ic\u00f3nicos de dise\u00f1adores de renombre mundial, como la Lounge Chair de Ray &amp; Charles Eames y la Phanton Chair, que lleva el nombre del propio Verner Phanton. Los diferentes estilos de la marca demuestran su versatilidad y cada dise\u00f1ador individual tiene su propia firma de dise\u00f1o.<\/p>\n","protected":false},"excerpt":{"rendered":"<p>Silla de reuni\u00f3n giratoria, respaldo medio con brazos fijos y sin elevaci\u00f3n, con base de 5 radios de aluminio pulido y ruedas, modelo MEDA de Alberto Meda.La silla Meda de Vitra es una soluci\u00f3n de asiento lujosa y c\u00f3moda para cualquier espacio de trabajo. Tiene un elegante asiento de cuero negro y un respaldo de malla transpirable para el m\u00e1ximo confort.<\/p>\n<p>Altura del asiento: 46 cm<\/p>\n<p>Atenci\u00f3n: Valor unitario.<\/p>\n","protected":false},"featured_media":18015,"template":"","meta":{"_acf_changed":false,"inline_featured_image":false},"product_brand":[],"product_cat":[691],"product_tag":[1230,848],"class_list":{"0":"post-17825","1":"product","2":"type-product","3":"status-publish","4":"has-post-thumbnail","6":"product_cat-oficina","7":"product_tag-alberto-meda-es","8":"product_tag-vitra-es","10":"first","11":"outofstock","12":"shipping-taxable","13":"purchasable","14":"product-type-simple"},"acf":[],"aioseo_notices":[],"_links":{"self":[{"href":"https:\/\/ikonisch.pt\/es\/wp-json\/wp\/v2\/product\/17825","targetHints":{"allow":["GET"]}}],"collection":[{"href":"https:\/\/ikonisch.pt\/es\/wp-json\/wp\/v2\/product"}],"about":[{"href":"https:\/\/ikonisch.pt\/es\/wp-json\/wp\/v2\/types\/product"}],"wp:featuredmedia":[{"embeddable":true,"href":"https:\/\/ikonisch.pt\/es\/wp-json\/wp\/v2\/media\/18015"}],"wp:attachment":[{"href":"https:\/\/ikonisch.pt\/es\/wp-json\/wp\/v2\/media?parent=17825"}],"wp:term":[{"taxonomy":"product_brand","embeddable":true,"href":"https:\/\/ikonisch.pt\/es\/wp-json\/wp\/v2\/product_brand?post=17825"},{"taxonomy":"product_cat","embeddable":true,"href":"https:\/\/ikonisch.pt\/es\/wp-json\/wp\/v2\/product_cat?post=17825"},{"taxonomy":"product_tag","embeddable":true,"href":"https:\/\/ikonisch.pt\/es\/wp-json\/wp\/v2\/product_tag?post=17825"}],"curies":[{"name":"wp","href":"https:\/\/api.w.org\/{rel}","templated":true}]}}

<p>Vitra es una empresa suiza dedicada a mejorar la calidad de hogares, oficinas y espacios públicos a través del poder del diseño. Una colección de Vitra incluye muchos productos icónicos de diseñadores de renombre mundial, como la Lounge Chair de Ray &amp; Charles Eames y la Phanton Chair, que lleva el nombre del propio Verner Phanton. Los diferentes estilos de la marca demuestran su versatilidad y cada diseñador individual tiene su propia firma de diseño.</p>

<p>Silla de reunión giratoria, respaldo medio con brazos fijos y sin elevación, con base de 5 radios de aluminio pulido y ruedas, modelo MEDA de Alberto Meda.La silla Meda de Vitra es una solución de asiento lujosa y cómoda para cualquier espacio de trabajo. Tiene un elegante asiento de cuero negro y un respaldo de malla transpirable para el máximo confort.</p>
<p>Altura del asiento: 46 cm</p>
<p>Atención: Valor unitario.</p>
