{"id":22091,"date":"2024-04-18T15:57:44","date_gmt":"2024-04-18T15:57:44","guid":{"rendered":"https:\/\/ikonisch.pt\/?post_type=product&#038;p=22091"},"modified":"2024-06-25T11:40:02","modified_gmt":"2024-06-25T11:40:02","slug":"silla-03-apilable-vitra-copia","status":"publish","type":"product","link":"https:\/\/ikonisch.pt\/es\/produtos\/silla-03-apilable-vitra-copia\/","title":{"rendered":"Silla .03 &#8211; Vitra"},"content":{"rendered":"","protected":false},"excerpt":{"rendered":"<p>Silla fija del autor Maarten Van Severen, cuyo objetivo era crear una silla sencilla pero de dise\u00f1o, con una forma elegante y esbelta. El dise\u00f1o sigui\u00f3 el lema \u00abmenos es m\u00e1s\u00bb y dio sus frutos. En 1998 se cre\u00f3 una silla que figura entre los dise\u00f1os de sillas revolucionarios de la \u00faltima d\u00e9cada del siglo XX. El dise\u00f1o de la silla . 03 es sencillo y limpio, con la calidad de acabado t\u00edpica de la marca Vitra. Las patas traseras son de acero, mientras que las delanteras son de aluminio en acabado lacado plateado, lacado negro o cromado. El mullido asiento, que se adapta perfectamente al cuerpo humano, es de espuma de poliuretano. El respaldo est\u00e1 accionado por muelles para garantizar una comodidad y un apoyo perfectos.<\/p>\n<p>Atenci\u00f3n: precio unitario.<\/p>\n<p>S\u00f3lo disponible en naranja.<\/p>\n","protected":false},"featured_media":22094,"template":"","meta":{"_acf_changed":false,"inline_featured_image":false},"product_brand":[],"product_cat":[689],"product_tag":[1216,848],"class_list":{"0":"post-22091","1":"product","2":"type-product","3":"status-publish","4":"has-post-thumbnail","6":"product_cat-sillas","7":"product_tag-maarten-van-severen-es","8":"product_tag-vitra-es","10":"first","11":"outofstock","12":"shipping-taxable","13":"purchasable","14":"product-type-simple"},"acf":[],"aioseo_notices":[],"_links":{"self":[{"href":"https:\/\/ikonisch.pt\/es\/wp-json\/wp\/v2\/product\/22091","targetHints":{"allow":["GET"]}}],"collection":[{"href":"https:\/\/ikonisch.pt\/es\/wp-json\/wp\/v2\/product"}],"about":[{"href":"https:\/\/ikonisch.pt\/es\/wp-json\/wp\/v2\/types\/product"}],"wp:featuredmedia":[{"embeddable":true,"href":"https:\/\/ikonisch.pt\/es\/wp-json\/wp\/v2\/media\/22094"}],"wp:attachment":[{"href":"https:\/\/ikonisch.pt\/es\/wp-json\/wp\/v2\/media?parent=22091"}],"wp:term":[{"taxonomy":"product_brand","embeddable":true,"href":"https:\/\/ikonisch.pt\/es\/wp-json\/wp\/v2\/product_brand?post=22091"},{"taxonomy":"product_cat","embeddable":true,"href":"https:\/\/ikonisch.pt\/es\/wp-json\/wp\/v2\/product_cat?post=22091"},{"taxonomy":"product_tag","embeddable":true,"href":"https:\/\/ikonisch.pt\/es\/wp-json\/wp\/v2\/product_tag?post=22091"}],"curies":[{"name":"wp","href":"https:\/\/api.w.org\/{rel}","templated":true}]}}

<p>Silla fija del autor Maarten Van Severen, cuyo objetivo era crear una silla sencilla pero de diseño, con una forma elegante y esbelta. El diseño siguió el lema «menos es más» y dio sus frutos. En 1998 se creó una silla que figura entre los diseños de sillas revolucionarios de la última década del siglo XX. El diseño de la silla . 03 es sencillo y limpio, con la calidad de acabado típica de la marca Vitra. Las patas traseras son de acero, mientras que las delanteras son de aluminio en acabado lacado plateado, lacado negro o cromado. El mullido asiento, que se adapta perfectamente al cuerpo humano, es de espuma de poliuretano. El respaldo está accionado por muelles para garantizar una comodidad y un apoyo perfectos.</p>
<p>Atención: precio unitario.</p>
<p>Sólo disponible en naranja.</p>
