{"id":25611,"date":"2024-09-24T11:49:57","date_gmt":"2024-09-24T11:49:58","guid":{"rendered":"https:\/\/ikonisch.pt\/?post_type=product&#038;p=25611"},"modified":"2024-09-24T15:24:44","modified_gmt":"2024-09-24T15:24:44","slug":"tipo-nome-brand-copia-46","status":"publish","type":"product","link":"https:\/\/ikonisch.pt\/es\/produtos\/tipo-nome-brand-copia-46\/","title":{"rendered":"Chaise longue Colecci\u00f3n Victoria 169 &#8211; Camerin"},"content":{"rendered":"","protected":false},"excerpt":{"rendered":"<p>Chaise longue de la colecci\u00f3n Victoria 169 de Camerin, fabricada en 2006 con armaz\u00f3n de caoba maciza y ruedas de lat\u00f3n. Inspirado en los sof\u00e1s neocl\u00e1sicos de la \u00e9poca de la Regencia (c. 1820), refleja el estilo arquitect\u00f3nico de Grecia, Roma y Egipto, popularizado tras el descubrimiento de Pompeya. Camerin S.r.l. es una empresa italiana reconocida por su excelencia en ebanister\u00eda, muebles de lujo y restauraci\u00f3n de muebles cl\u00e1sicos.<\/p>\n<p>Altura del asiento: 41 cm<\/p>\n<p>Realizamos env\u00edos a todo el mundo. Para env\u00edos fuera de la Uni\u00f3n Europea, p\u00f3ngase en contacto con nosotros para solicitar presupuesto.<\/p>\n<p>Para m\u00e1s informaci\u00f3n sobre precios, p\u00f3ngase en contacto con nosotros por correo electr\u00f3nico en\u00a0<a href=\"mailto:info@ikonisch.pt\"><strong>info@ikonisch.pt<\/strong><\/a>\u00a0o por tel\u00e9fono en el\u00a0<strong>+351 913 068 270<\/strong>.<\/p>\n","protected":false},"featured_media":25671,"template":"","meta":{"_acf_changed":false,"inline_featured_image":false},"product_brand":[],"product_cat":[697],"product_tag":[1899],"class_list":{"0":"post-25611","1":"product","2":"type-product","3":"status-publish","4":"has-post-thumbnail","6":"product_cat-sofas-y-sillones","7":"product_tag-camerin-s-r-l-es","9":"first","10":"outofstock","11":"shipping-taxable","12":"purchasable","13":"product-type-simple"},"acf":[],"aioseo_notices":[],"_links":{"self":[{"href":"https:\/\/ikonisch.pt\/es\/wp-json\/wp\/v2\/product\/25611","targetHints":{"allow":["GET"]}}],"collection":[{"href":"https:\/\/ikonisch.pt\/es\/wp-json\/wp\/v2\/product"}],"about":[{"href":"https:\/\/ikonisch.pt\/es\/wp-json\/wp\/v2\/types\/product"}],"wp:featuredmedia":[{"embeddable":true,"href":"https:\/\/ikonisch.pt\/es\/wp-json\/wp\/v2\/media\/25671"}],"wp:attachment":[{"href":"https:\/\/ikonisch.pt\/es\/wp-json\/wp\/v2\/media?parent=25611"}],"wp:term":[{"taxonomy":"product_brand","embeddable":true,"href":"https:\/\/ikonisch.pt\/es\/wp-json\/wp\/v2\/product_brand?post=25611"},{"taxonomy":"product_cat","embeddable":true,"href":"https:\/\/ikonisch.pt\/es\/wp-json\/wp\/v2\/product_cat?post=25611"},{"taxonomy":"product_tag","embeddable":true,"href":"https:\/\/ikonisch.pt\/es\/wp-json\/wp\/v2\/product_tag?post=25611"}],"curies":[{"name":"wp","href":"https:\/\/api.w.org\/{rel}","templated":true}]}}

Chaise longue Colección Victoria 169 &#8211; Camerin

<p>Chaise longue de la colección Victoria 169 de Camerin, fabricada en 2006 con armazón de caoba maciza y ruedas de latón. Inspirado en los sofás neoclásicos de la época de la Regencia (c. 1820), refleja el estilo arquitectónico de Grecia, Roma y Egipto, popularizado tras el descubrimiento de Pompeya. Camerin S.r.l. es una empresa italiana reconocida por su excelencia en ebanistería, muebles de lujo y restauración de muebles clásicos.</p>
<p>Altura del asiento: 41 cm</p>
<p>Realizamos envíos a todo el mundo. Para envíos fuera de la Unión Europea, póngase en contacto con nosotros para solicitar presupuesto.</p>
<p>Para más información sobre precios, póngase en contacto con nosotros por correo electrónico en <a href="mailto:info@ikonisch.pt"><strong>info@ikonisch.pt</strong></a> o por teléfono en el <strong>+351 913 068 270</strong>.</p>
