{"id":27340,"date":"2024-11-19T10:36:19","date_gmt":"2024-11-19T10:36:20","guid":{"rendered":"https:\/\/ikonisch.pt\/?post_type=product&#038;p=27340"},"modified":"2024-11-19T11:11:08","modified_gmt":"2024-11-19T11:11:08","slug":"juego-de-4-sillones-grand-conference-lowback-vitra-copia","status":"publish","type":"product","link":"https:\/\/ikonisch.pt\/es\/produtos\/juego-de-4-sillones-grand-conference-lowback-vitra-copia\/","title":{"rendered":"Sill\u00f3n Grand Conference Lowback y altura regulable &#8211; Vitra"},"content":{"rendered":"","protected":false},"excerpt":{"rendered":"<p>El sill\u00f3n Grand Executive combina la elegancia del sill\u00f3n Grand Repos con la funcionalidad de una silla de oficina moderna. El aura de dignidad del sill\u00f3n Grand Executive se complementa con una est\u00e9tica elegante. Acabado en piel de alta calidad, el tapizado es acolchado y suave, ofreciendo el m\u00e1ximo confort. Las costuras decorativas realzan los detalles artesanales del sill\u00f3n y perfilan su estructura volum\u00e9trica. El mecanismo FlowMotion puede adaptarse a cada usuario para garantizar un confort sincronizado en todas las posiciones de asiento. Elevador regulable en altura.<\/p>\n<p>Atenci\u00f3n: valor de una unidad.<\/p>\n<p><strong>Realizamos entregas a nivel mundial. Para env\u00edos fuera de Portugal y Espa\u00f1a, por favor, cont\u00e1ctenos para recibir un presupuesto personalizado.<\/strong><\/p>\n<p>Para m\u00e1s informaci\u00f3n sobre precios, p\u00f3ngase en contacto con nosotros por correo electr\u00f3nico en\u00a0<a href=\"mailto:info@ikonisch.pt\"><strong>info@ikonisch.pt<\/strong><\/a>\u00a0o por tel\u00e9fono en el\u00a0<strong>+351 913 068 270<\/strong>.<\/p>\n","protected":false},"featured_media":27343,"template":"","meta":{"_acf_changed":false,"inline_featured_image":false},"product_brand":[],"product_cat":[691],"product_tag":[709,848],"class_list":{"0":"post-27340","1":"product","2":"type-product","3":"status-publish","4":"has-post-thumbnail","6":"product_cat-oficina","7":"product_tag-antonio-citterio-es","8":"product_tag-vitra-es","10":"first","11":"outofstock","12":"shipping-taxable","13":"purchasable","14":"product-type-simple"},"acf":[],"aioseo_notices":[],"_links":{"self":[{"href":"https:\/\/ikonisch.pt\/es\/wp-json\/wp\/v2\/product\/27340","targetHints":{"allow":["GET"]}}],"collection":[{"href":"https:\/\/ikonisch.pt\/es\/wp-json\/wp\/v2\/product"}],"about":[{"href":"https:\/\/ikonisch.pt\/es\/wp-json\/wp\/v2\/types\/product"}],"wp:featuredmedia":[{"embeddable":true,"href":"https:\/\/ikonisch.pt\/es\/wp-json\/wp\/v2\/media\/27343"}],"wp:attachment":[{"href":"https:\/\/ikonisch.pt\/es\/wp-json\/wp\/v2\/media?parent=27340"}],"wp:term":[{"taxonomy":"product_brand","embeddable":true,"href":"https:\/\/ikonisch.pt\/es\/wp-json\/wp\/v2\/product_brand?post=27340"},{"taxonomy":"product_cat","embeddable":true,"href":"https:\/\/ikonisch.pt\/es\/wp-json\/wp\/v2\/product_cat?post=27340"},{"taxonomy":"product_tag","embeddable":true,"href":"https:\/\/ikonisch.pt\/es\/wp-json\/wp\/v2\/product_tag?post=27340"}],"curies":[{"name":"wp","href":"https:\/\/api.w.org\/{rel}","templated":true}]}}

Sillón Grand Conference Lowback y altura regulable &#8211; Vitra

<p>El sillón Grand Executive combina la elegancia del sillón Grand Repos con la funcionalidad de una silla de oficina moderna. El aura de dignidad del sillón Grand Executive se complementa con una estética elegante. Acabado en piel de alta calidad, el tapizado es acolchado y suave, ofreciendo el máximo confort. Las costuras decorativas realzan los detalles artesanales del sillón y perfilan su estructura volumétrica. El mecanismo FlowMotion puede adaptarse a cada usuario para garantizar un confort sincronizado en todas las posiciones de asiento. Elevador regulable en altura.</p>
<p>Atención: valor de una unidad.</p>
<p><strong>Realizamos entregas a nivel mundial. Para envíos fuera de Portugal y España, por favor, contáctenos para recibir un presupuesto personalizado.</strong></p>
<p>Para más información sobre precios, póngase en contacto con nosotros por correo electrónico en <a href="mailto:info@ikonisch.pt"><strong>info@ikonisch.pt</strong></a> o por teléfono en el <strong>+351 913 068 270</strong>.</p>
