{"id":27901,"date":"2024-12-19T11:59:52","date_gmt":"2024-12-19T11:59:53","guid":{"rendered":"https:\/\/ikonisch.pt\/?post_type=product&#038;p=27901"},"modified":"2025-03-14T18:25:40","modified_gmt":"2025-03-14T18:25:40","slug":"aluminium-chair-ea117-hopsak-vitra-copia","status":"publish","type":"product","link":"https:\/\/ikonisch.pt\/es\/produtos\/aluminium-chair-ea117-hopsak-vitra-copia\/","title":{"rendered":"Silla EA117 Netwave &#8211; Vitra"},"content":{"rendered":"","protected":false},"excerpt":{"rendered":"<p>Silla operativa EA117 nueva y sin usar en acabado negro Netwave canvas dise\u00f1ada por Charles y Ray Eames para Vitra, las sillas giratorias de aluminio del grupo pueden a\u00f1adir una presencia ic\u00f3nica a cualquier entorno de oficina. Estas sillas est\u00e1n equipadas con un mecanismo de inclinaci\u00f3n que puede ajustarse en funci\u00f3n del peso del usuario para garantizar un confort \u00f3ptimo y tambi\u00e9n pueden regularse en altura. Adem\u00e1s, las sillas son conocidas por su ligera estructura de aluminio y su asiento y respaldo flexibles que se adaptan al cuerpo del usuario. Vitra lleva d\u00e9cadas fabricando sillas Aluminium Group de la misma alta calidad, por lo que cada silla est\u00e1 hecha para durar y resistir el paso del tiempo.<\/p>\n<p>Atenci\u00f3n: Precio unitario.<\/p>\n<p><strong>Realizamos entregas a nivel mundial. Para env\u00edos fuera de Portugal y Espa\u00f1a, por favor, cont\u00e1ctenos para recibir un presupuesto personalizado.<\/strong><\/p>\n<p>Para m\u00e1s informaci\u00f3n sobre precios, p\u00f3ngase en contacto con nosotros por correo electr\u00f3nico en\u00a0<a href=\"mailto:info@ikonisch.pt\"><strong>info@ikonisch.pt<\/strong><\/a>\u00a0o por tel\u00e9fono en el\u00a0<strong>+351 913 068 270<\/strong>.<\/p>\n","protected":false},"featured_media":27919,"template":"","meta":{"_acf_changed":false,"inline_featured_image":false},"product_brand":[],"product_cat":[691],"product_tag":[735,848],"class_list":{"0":"post-27901","1":"product","2":"type-product","3":"status-publish","4":"has-post-thumbnail","6":"product_cat-oficina","7":"product_tag-charles-ray-eames-es","8":"product_tag-vitra-es","10":"first","11":"outofstock","12":"shipping-taxable","13":"purchasable","14":"product-type-simple"},"acf":[],"aioseo_notices":[],"_links":{"self":[{"href":"https:\/\/ikonisch.pt\/es\/wp-json\/wp\/v2\/product\/27901","targetHints":{"allow":["GET"]}}],"collection":[{"href":"https:\/\/ikonisch.pt\/es\/wp-json\/wp\/v2\/product"}],"about":[{"href":"https:\/\/ikonisch.pt\/es\/wp-json\/wp\/v2\/types\/product"}],"wp:featuredmedia":[{"embeddable":true,"href":"https:\/\/ikonisch.pt\/es\/wp-json\/wp\/v2\/media\/27919"}],"wp:attachment":[{"href":"https:\/\/ikonisch.pt\/es\/wp-json\/wp\/v2\/media?parent=27901"}],"wp:term":[{"taxonomy":"product_brand","embeddable":true,"href":"https:\/\/ikonisch.pt\/es\/wp-json\/wp\/v2\/product_brand?post=27901"},{"taxonomy":"product_cat","embeddable":true,"href":"https:\/\/ikonisch.pt\/es\/wp-json\/wp\/v2\/product_cat?post=27901"},{"taxonomy":"product_tag","embeddable":true,"href":"https:\/\/ikonisch.pt\/es\/wp-json\/wp\/v2\/product_tag?post=27901"}],"curies":[{"name":"wp","href":"https:\/\/api.w.org\/{rel}","templated":true}]}}

<p>Silla operativa EA117 nueva y sin usar en acabado negro Netwave canvas diseñada por Charles y Ray Eames para Vitra, las sillas giratorias de aluminio del grupo pueden añadir una presencia icónica a cualquier entorno de oficina. Estas sillas están equipadas con un mecanismo de inclinación que puede ajustarse en función del peso del usuario para garantizar un confort óptimo y también pueden regularse en altura. Además, las sillas son conocidas por su ligera estructura de aluminio y su asiento y respaldo flexibles que se adaptan al cuerpo del usuario. Vitra lleva décadas fabricando sillas Aluminium Group de la misma alta calidad, por lo que cada silla está hecha para durar y resistir el paso del tiempo.</p>
<p>Atención: Precio unitario.</p>
<p><strong>Realizamos entregas a nivel mundial. Para envíos fuera de Portugal y España, por favor, contáctenos para recibir un presupuesto personalizado.</strong></p>
<p>Para más información sobre precios, póngase en contacto con nosotros por correo electrónico en <a href="mailto:info@ikonisch.pt"><strong>info@ikonisch.pt</strong></a> o por teléfono en el <strong>+351 913 068 270</strong>.</p>
