{"id":30713,"date":"2025-08-04T14:34:21","date_gmt":"2025-08-04T14:34:22","guid":{"rendered":"https:\/\/ikonisch.pt\/?post_type=product&#038;p=30713"},"modified":"2025-08-11T15:03:53","modified_gmt":"2025-08-11T15:03:53","slug":"sofa-triple-pfister-cuero-negro-knoll-copia-copia","status":"publish","type":"product","link":"https:\/\/ikonisch.pt\/es\/produtos\/sofa-triple-pfister-cuero-negro-knoll-copia-copia\/","title":{"rendered":"Sofa duplo MAGS 2.5 &#8211; HAY"},"content":{"rendered":"","protected":false},"excerpt":{"rendered":"<p>El sof\u00e1 doble modelo Mags Low Armrest ha sido dise\u00f1ado para el m\u00e1ximo confort con el m\u00ednimo detalle. Combina una est\u00e9tica llamativa con intemporalidad y es un cl\u00e1sico de HAY. Con la comodidad y la calidad superior en mente, el Mags Low Armrest est\u00e1 construido con una estructura robusta, espuma duradera y de alta calidad y acolchado interior para m\u00e1xima durabilidad. Con acabado en tela color arena y costura blanca es una opci\u00f3n vers\u00e1til tanto para el hogar como para la oficina. La altura del reposabrazos de esta versi\u00f3n es de 57 cm.<\/p>\n<p>Realizamos entregas a nivel mundial. Para env\u00edos fuera de Portugal y Espa\u00f1a, por favor p\u00f3ngase en contacto con nosotros para recibir un presupuesto personalizado.<\/p>\n<p>Para m\u00e1s informaci\u00f3n sobre los precios, cons\u00faltanos por correo electr\u00f3nico info@ikonisch.pt o por tel\u00e9fono +351 913 068 270.<\/p>\n","protected":false},"featured_media":30967,"template":"","meta":{"_acf_changed":false,"inline_featured_image":false},"product_brand":[],"product_cat":[697],"product_tag":[760],"class_list":{"0":"post-30713","1":"product","2":"type-product","3":"status-publish","4":"has-post-thumbnail","6":"product_cat-sofas-y-sillones","7":"product_tag-hay-es","9":"first","10":"outofstock","11":"shipping-taxable","12":"purchasable","13":"product-type-simple"},"acf":[],"aioseo_notices":[],"_links":{"self":[{"href":"https:\/\/ikonisch.pt\/es\/wp-json\/wp\/v2\/product\/30713","targetHints":{"allow":["GET"]}}],"collection":[{"href":"https:\/\/ikonisch.pt\/es\/wp-json\/wp\/v2\/product"}],"about":[{"href":"https:\/\/ikonisch.pt\/es\/wp-json\/wp\/v2\/types\/product"}],"wp:featuredmedia":[{"embeddable":true,"href":"https:\/\/ikonisch.pt\/es\/wp-json\/wp\/v2\/media\/30967"}],"wp:attachment":[{"href":"https:\/\/ikonisch.pt\/es\/wp-json\/wp\/v2\/media?parent=30713"}],"wp:term":[{"taxonomy":"product_brand","embeddable":true,"href":"https:\/\/ikonisch.pt\/es\/wp-json\/wp\/v2\/product_brand?post=30713"},{"taxonomy":"product_cat","embeddable":true,"href":"https:\/\/ikonisch.pt\/es\/wp-json\/wp\/v2\/product_cat?post=30713"},{"taxonomy":"product_tag","embeddable":true,"href":"https:\/\/ikonisch.pt\/es\/wp-json\/wp\/v2\/product_tag?post=30713"}],"curies":[{"name":"wp","href":"https:\/\/api.w.org\/{rel}","templated":true}]}}

<p>El sofá doble modelo Mags Low Armrest ha sido diseñado para el máximo confort con el mínimo detalle. Combina una estética llamativa con intemporalidad y es un clásico de HAY. Con la comodidad y la calidad superior en mente, el Mags Low Armrest está construido con una estructura robusta, espuma duradera y de alta calidad y acolchado interior para máxima durabilidad. Con acabado en tela color arena y costura blanca es una opción versátil tanto para el hogar como para la oficina. La altura del reposabrazos de esta versión es de 57 cm.</p>
<p>Realizamos entregas a nivel mundial. Para envíos fuera de Portugal y España, por favor póngase en contacto con nosotros para recibir un presupuesto personalizado.</p>
<p>Para más información sobre los precios, consúltanos por correo electrónico info@ikonisch.pt o por teléfono +351 913 068 270.</p>
